{"id":15,"date":"2025-12-10T09:05:23","date_gmt":"2025-12-10T08:05:23","guid":{"rendered":"https:\/\/colombophile62500.fr\/?page_id=15"},"modified":"2026-04-01T09:47:55","modified_gmt":"2026-04-01T08:47:55","slug":"actualite","status":"publish","type":"page","link":"https:\/\/colombophile62500.fr\/index.php\/actualite\/","title":{"rendered":"Actualit\u00e9s"},"content":{"rendered":"\t\t<div data-elementor-type=\"wp-page\" data-elementor-id=\"15\" class=\"elementor elementor-15\">\n\t\t\t\t<div class=\"elementor-element elementor-element-80f6f8a e-con-full e-flex e-con e-parent\" data-id=\"80f6f8a\" data-element_type=\"container\" data-e-type=\"container\">\n\t\t<div class=\"elementor-element elementor-element-3cfedd7 e-con-full e-flex e-con e-child\" data-id=\"3cfedd7\" data-element_type=\"container\" data-e-type=\"container\">\n\t\t\t\t<div class=\"elementor-element elementor-element-27cd2d29 elementor-widget-tablet__width-initial elementor-widget__width-initial elementor-widget-mobile__width-initial elementor-widget elementor-widget-image\" data-id=\"27cd2d29\" data-element_type=\"widget\" data-e-type=\"widget\" data-widget_type=\"image.default\">\n\t\t\t\t\t\t\t\t\t\t\t\t\t\t\t<img fetchpriority=\"high\" decoding=\"async\" width=\"420\" height=\"281\" src=\"https:\/\/colombophile62500.fr\/wp-content\/uploads\/2026\/01\/giphy__1_.0.0.1449760479.webp\" class=\"attachment-1536x1536 size-1536x1536 wp-image-804\" alt=\"\" \/>\t\t\t\t\t\t\t\t\t\t\t\t\t\t\t<\/div>\n\t\t\t\t<\/div>\n\t\t<div class=\"elementor-element elementor-element-5c963eb e-con-full e-flex e-con e-child\" data-id=\"5c963eb\" data-element_type=\"container\" data-e-type=\"container\">\n\t\t\t\t<div class=\"elementor-element elementor-element-6730d7c elementor-widget-tablet__width-initial elementor-widget elementor-widget-heading\" data-id=\"6730d7c\" data-element_type=\"widget\" data-e-type=\"widget\" data-widget_type=\"heading.default\">\n\t\t\t\t\t<h4 class=\"elementor-heading-title elementor-size-default\">Les Actualit\u00e9s !<\/h4>\t\t\t\t<\/div>\n\t\t\t\t<div class=\"elementor-element elementor-element-51e8d0ee elementor-widget-tablet__width-initial elementor-widget__width-initial elementor-widget elementor-widget-text-editor\" data-id=\"51e8d0ee\" data-element_type=\"widget\" data-e-type=\"widget\" data-widget_type=\"text-editor.default\">\n\t\t\t\t\t\t\t\t\t<p>Les actualit\u00e9s\/\u00e9v\u00e9nements de l&rsquo;association seront post\u00e9s ici, ne ratez rien !<\/p>\t\t\t\t\t\t\t\t<\/div>\n\t\t\t\t<\/div>\n\t\t\t\t<\/div>\n\t\t<div class=\"elementor-element elementor-element-42b9e5d6 e-con-full e-flex e-con e-parent\" data-id=\"42b9e5d6\" data-element_type=\"container\" data-e-type=\"container\" data-settings=\"{&quot;background_background&quot;:&quot;classic&quot;}\">\n\t\t<div class=\"elementor-element elementor-element-311997f8 e-con-full e-flex e-con e-child\" data-id=\"311997f8\" data-element_type=\"container\" data-e-type=\"container\">\n\t\t\t\t<div class=\"elementor-element elementor-element-3cd190f5 elementor-widget elementor-widget-heading\" data-id=\"3cd190f5\" data-element_type=\"widget\" data-e-type=\"widget\" data-widget_type=\"heading.default\">\n\t\t\t\t\t<h2 class=\"elementor-heading-title elementor-size-default\">Champion G\u00e9n\u00e9ral CIF 2021<\/h2>\t\t\t\t<\/div>\n\t\t\t\t<div class=\"elementor-element elementor-element-2c564273 elementor-widget elementor-widget-text-editor\" data-id=\"2c564273\" data-element_type=\"widget\" data-e-type=\"widget\" data-widget_type=\"text-editor.default\">\n\t\t\t\t\t\t\t\t\t<p>\u00ab\u00a0description\u00a0\u00bb<\/p>\t\t\t\t\t\t\t\t<\/div>\n\t\t\t\t<\/div>\n\t\t<div class=\"elementor-element elementor-element-56e7ed4a e-con-full e-flex e-con e-child\" data-id=\"56e7ed4a\" data-element_type=\"container\" data-e-type=\"container\">\n\t\t\t\t<div class=\"elementor-element elementor-element-273a1ab2 elementor-widget elementor-widget-image\" data-id=\"273a1ab2\" data-element_type=\"widget\" data-e-type=\"widget\" data-widget_type=\"image.default\">\n\t\t\t\t\t\t\t\t\t\t\t\t\t\t\t<img decoding=\"async\" src=\"https:\/\/mail.google.com\/mail\/u\/0?ui=2&#038;ik=8e432d889d&#038;attid=0.1&#038;permmsgid=msg-f:1854753671906702738&#038;th=19bd68a33fd9b592&#038;view=att&#038;disp=safe&#038;realattid=19bd689d1f4ffae8fd81&#038;zw\" title=\"\" alt=\"\" loading=\"lazy\" \/>\t\t\t\t\t\t\t\t\t\t\t\t\t\t\t<\/div>\n\t\t\t\t<\/div>\n\t\t\t\t<\/div>\n\t\t<div class=\"elementor-element elementor-element-6ef7ed66 e-con-full e-flex e-con e-parent\" data-id=\"6ef7ed66\" data-element_type=\"container\" data-e-type=\"container\" data-settings=\"{&quot;background_background&quot;:&quot;classic&quot;}\">\n\t\t<div class=\"elementor-element elementor-element-cce80d9 e-con-full e-flex e-con e-child\" data-id=\"cce80d9\" data-element_type=\"container\" data-e-type=\"container\">\n\t\t\t\t<div class=\"elementor-element elementor-element-25481451 elementor-widget elementor-widget-heading\" data-id=\"25481451\" data-element_type=\"widget\" data-e-type=\"widget\" data-widget_type=\"heading.default\">\n\t\t\t\t\t<h2 class=\"elementor-heading-title elementor-size-default\">\"Nom \u00e9v\u00e8nement\"<\/h2>\t\t\t\t<\/div>\n\t\t\t\t<div class=\"elementor-element elementor-element-68aba64 elementor-widget elementor-widget-text-editor\" data-id=\"68aba64\" data-element_type=\"widget\" data-e-type=\"widget\" data-widget_type=\"text-editor.default\">\n\t\t\t\t\t\t\t\t\t<p>\u00ab\u00a0description\u00a0\u00bb<\/p>\t\t\t\t\t\t\t\t<\/div>\n\t\t\t\t<\/div>\n\t\t<div class=\"elementor-element elementor-element-723a266f e-con-full e-flex e-con e-child\" data-id=\"723a266f\" data-element_type=\"container\" data-e-type=\"container\">\n\t\t\t\t<div class=\"elementor-element elementor-element-46d8513d elementor-widget elementor-widget-image\" data-id=\"46d8513d\" data-element_type=\"widget\" data-e-type=\"widget\" data-widget_type=\"image.default\">\n\t\t\t\t\t\t\t\t\t\t\t\t\t\t\t<img decoding=\"async\" width=\"853\" height=\"430\" src=\"https:\/\/colombophile62500.fr\/wp-content\/uploads\/2026\/01\/Image-Contact-1.jpg\" class=\"attachment-large size-large wp-image-540\" alt=\"\" srcset=\"https:\/\/colombophile62500.fr\/wp-content\/uploads\/2026\/01\/Image-Contact-1.jpg 853w, https:\/\/colombophile62500.fr\/wp-content\/uploads\/2026\/01\/Image-Contact-1-300x151.jpg 300w, https:\/\/colombophile62500.fr\/wp-content\/uploads\/2026\/01\/Image-Contact-1-768x387.jpg 768w\" sizes=\"(max-width: 853px) 100vw, 853px\" \/>\t\t\t\t\t\t\t\t\t\t\t\t\t\t\t<\/div>\n\t\t\t\t<\/div>\n\t\t\t\t<\/div>\n\t\t\t\t<\/div>\n\t\t","protected":false},"excerpt":{"rendered":"<p>Les Actualit\u00e9s ! Les actualit\u00e9s\/\u00e9v\u00e9nements de l&rsquo;association seront post\u00e9s ici, ne ratez rien ! Champion G\u00e9n\u00e9ral CIF 2021 \u00ab\u00a0description\u00a0\u00bb \u00ab\u00a0Nom \u00e9v\u00e8nement\u00a0\u00bb \u00ab\u00a0description\u00a0\u00bb<\/p>\n","protected":false},"author":1,"featured_media":0,"parent":0,"menu_order":0,"comment_status":"closed","ping_status":"closed","template":"","meta":{"footnotes":""},"class_list":["post-15","page","type-page","status-publish","hentry","entry"],"yoast_head":"<!-- This site is optimized with the Yoast SEO plugin v27.3 - https:\/\/yoast.com\/product\/yoast-seo-wordpress\/ -->\n<title>Actualit\u00e9s - Entente Colombophile<\/title>\n<meta name=\"robots\" content=\"index, follow, max-snippet:-1, max-image-preview:large, max-video-preview:-1\" \/>\n<link rel=\"canonical\" href=\"https:\/\/colombophile62500.fr\/index.php\/actualite\/\" \/>\n<meta property=\"og:locale\" content=\"fr_FR\" \/>\n<meta property=\"og:type\" content=\"article\" \/>\n<meta property=\"og:title\" content=\"Actualit\u00e9s - Entente Colombophile\" \/>\n<meta property=\"og:description\" content=\"Les Actualit\u00e9s ! Les actualit\u00e9s\/\u00e9v\u00e9nements de l&rsquo;association seront post\u00e9s ici, ne ratez rien ! Champion G\u00e9n\u00e9ral CIF 2021 \u00ab\u00a0description\u00a0\u00bb \u00ab\u00a0Nom \u00e9v\u00e8nement\u00a0\u00bb \u00ab\u00a0description\u00a0\u00bb\" \/>\n<meta property=\"og:url\" content=\"https:\/\/colombophile62500.fr\/index.php\/actualite\/\" \/>\n<meta property=\"og:site_name\" content=\"Entente Colombophile\" \/>\n<meta property=\"article:modified_time\" content=\"2026-04-01T08:47:55+00:00\" \/>\n<meta property=\"og:image\" content=\"https:\/\/colombophile62500.fr\/wp-content\/uploads\/2026\/01\/giphy__1_.0.0.1449760479.webp\" \/>\n\t<meta property=\"og:image:width\" content=\"420\" \/>\n\t<meta property=\"og:image:height\" content=\"281\" \/>\n\t<meta property=\"og:image:type\" content=\"image\/webp\" \/>\n<meta name=\"twitter:card\" content=\"summary_large_image\" \/>\n<meta name=\"twitter:label1\" content=\"Dur\u00e9e de lecture estim\u00e9e\" \/>\n\t<meta name=\"twitter:data1\" content=\"1 minute\" \/>\n<script type=\"application\/ld+json\" class=\"yoast-schema-graph\">{\"@context\":\"https:\\\/\\\/schema.org\",\"@graph\":[{\"@type\":\"WebPage\",\"@id\":\"https:\\\/\\\/colombophile62500.fr\\\/index.php\\\/actualite\\\/\",\"url\":\"https:\\\/\\\/colombophile62500.fr\\\/index.php\\\/actualite\\\/\",\"name\":\"Actualit\u00e9s - Entente Colombophile\",\"isPartOf\":{\"@id\":\"https:\\\/\\\/colombophile62500.fr\\\/#website\"},\"primaryImageOfPage\":{\"@id\":\"https:\\\/\\\/colombophile62500.fr\\\/index.php\\\/actualite\\\/#primaryimage\"},\"image\":{\"@id\":\"https:\\\/\\\/colombophile62500.fr\\\/index.php\\\/actualite\\\/#primaryimage\"},\"thumbnailUrl\":\"https:\\\/\\\/colombophile62500.fr\\\/wp-content\\\/uploads\\\/2026\\\/01\\\/giphy__1_.0.0.1449760479.webp\",\"datePublished\":\"2025-12-10T08:05:23+00:00\",\"dateModified\":\"2026-04-01T08:47:55+00:00\",\"breadcrumb\":{\"@id\":\"https:\\\/\\\/colombophile62500.fr\\\/index.php\\\/actualite\\\/#breadcrumb\"},\"inLanguage\":\"fr-FR\",\"potentialAction\":[{\"@type\":\"ReadAction\",\"target\":[\"https:\\\/\\\/colombophile62500.fr\\\/index.php\\\/actualite\\\/\"]}]},{\"@type\":\"ImageObject\",\"inLanguage\":\"fr-FR\",\"@id\":\"https:\\\/\\\/colombophile62500.fr\\\/index.php\\\/actualite\\\/#primaryimage\",\"url\":\"https:\\\/\\\/colombophile62500.fr\\\/wp-content\\\/uploads\\\/2026\\\/01\\\/giphy__1_.0.0.1449760479.webp\",\"contentUrl\":\"https:\\\/\\\/colombophile62500.fr\\\/wp-content\\\/uploads\\\/2026\\\/01\\\/giphy__1_.0.0.1449760479.webp\",\"width\":420,\"height\":281},{\"@type\":\"BreadcrumbList\",\"@id\":\"https:\\\/\\\/colombophile62500.fr\\\/index.php\\\/actualite\\\/#breadcrumb\",\"itemListElement\":[{\"@type\":\"ListItem\",\"position\":1,\"name\":\"Accueil\",\"item\":\"https:\\\/\\\/colombophile62500.fr\\\/\"},{\"@type\":\"ListItem\",\"position\":2,\"name\":\"Actualit\u00e9s\"}]},{\"@type\":\"WebSite\",\"@id\":\"https:\\\/\\\/colombophile62500.fr\\\/#website\",\"url\":\"https:\\\/\\\/colombophile62500.fr\\\/\",\"name\":\"Entente Colombophile\",\"description\":\"\",\"potentialAction\":[{\"@type\":\"SearchAction\",\"target\":{\"@type\":\"EntryPoint\",\"urlTemplate\":\"https:\\\/\\\/colombophile62500.fr\\\/?s={search_term_string}\"},\"query-input\":{\"@type\":\"PropertyValueSpecification\",\"valueRequired\":true,\"valueName\":\"search_term_string\"}}],\"inLanguage\":\"fr-FR\"}]}<\/script>\n<!-- \/ Yoast SEO plugin. -->","yoast_head_json":{"title":"Actualit\u00e9s - Entente Colombophile","robots":{"index":"index","follow":"follow","max-snippet":"max-snippet:-1","max-image-preview":"max-image-preview:large","max-video-preview":"max-video-preview:-1"},"canonical":"https:\/\/colombophile62500.fr\/index.php\/actualite\/","og_locale":"fr_FR","og_type":"article","og_title":"Actualit\u00e9s - Entente Colombophile","og_description":"Les Actualit\u00e9s ! Les actualit\u00e9s\/\u00e9v\u00e9nements de l&rsquo;association seront post\u00e9s ici, ne ratez rien ! Champion G\u00e9n\u00e9ral CIF 2021 \u00ab\u00a0description\u00a0\u00bb \u00ab\u00a0Nom \u00e9v\u00e8nement\u00a0\u00bb \u00ab\u00a0description\u00a0\u00bb","og_url":"https:\/\/colombophile62500.fr\/index.php\/actualite\/","og_site_name":"Entente Colombophile","article_modified_time":"2026-04-01T08:47:55+00:00","og_image":[{"width":420,"height":281,"url":"https:\/\/colombophile62500.fr\/wp-content\/uploads\/2026\/01\/giphy__1_.0.0.1449760479.webp","type":"image\/webp"}],"twitter_card":"summary_large_image","twitter_misc":{"Dur\u00e9e de lecture estim\u00e9e":"1 minute"},"schema":{"@context":"https:\/\/schema.org","@graph":[{"@type":"WebPage","@id":"https:\/\/colombophile62500.fr\/index.php\/actualite\/","url":"https:\/\/colombophile62500.fr\/index.php\/actualite\/","name":"Actualit\u00e9s - Entente Colombophile","isPartOf":{"@id":"https:\/\/colombophile62500.fr\/#website"},"primaryImageOfPage":{"@id":"https:\/\/colombophile62500.fr\/index.php\/actualite\/#primaryimage"},"image":{"@id":"https:\/\/colombophile62500.fr\/index.php\/actualite\/#primaryimage"},"thumbnailUrl":"https:\/\/colombophile62500.fr\/wp-content\/uploads\/2026\/01\/giphy__1_.0.0.1449760479.webp","datePublished":"2025-12-10T08:05:23+00:00","dateModified":"2026-04-01T08:47:55+00:00","breadcrumb":{"@id":"https:\/\/colombophile62500.fr\/index.php\/actualite\/#breadcrumb"},"inLanguage":"fr-FR","potentialAction":[{"@type":"ReadAction","target":["https:\/\/colombophile62500.fr\/index.php\/actualite\/"]}]},{"@type":"ImageObject","inLanguage":"fr-FR","@id":"https:\/\/colombophile62500.fr\/index.php\/actualite\/#primaryimage","url":"https:\/\/colombophile62500.fr\/wp-content\/uploads\/2026\/01\/giphy__1_.0.0.1449760479.webp","contentUrl":"https:\/\/colombophile62500.fr\/wp-content\/uploads\/2026\/01\/giphy__1_.0.0.1449760479.webp","width":420,"height":281},{"@type":"BreadcrumbList","@id":"https:\/\/colombophile62500.fr\/index.php\/actualite\/#breadcrumb","itemListElement":[{"@type":"ListItem","position":1,"name":"Accueil","item":"https:\/\/colombophile62500.fr\/"},{"@type":"ListItem","position":2,"name":"Actualit\u00e9s"}]},{"@type":"WebSite","@id":"https:\/\/colombophile62500.fr\/#website","url":"https:\/\/colombophile62500.fr\/","name":"Entente Colombophile","description":"","potentialAction":[{"@type":"SearchAction","target":{"@type":"EntryPoint","urlTemplate":"https:\/\/colombophile62500.fr\/?s={search_term_string}"},"query-input":{"@type":"PropertyValueSpecification","valueRequired":true,"valueName":"search_term_string"}}],"inLanguage":"fr-FR"}]}},"_links":{"self":[{"href":"https:\/\/colombophile62500.fr\/index.php\/wp-json\/wp\/v2\/pages\/15","targetHints":{"allow":["GET"]}}],"collection":[{"href":"https:\/\/colombophile62500.fr\/index.php\/wp-json\/wp\/v2\/pages"}],"about":[{"href":"https:\/\/colombophile62500.fr\/index.php\/wp-json\/wp\/v2\/types\/page"}],"author":[{"embeddable":true,"href":"https:\/\/colombophile62500.fr\/index.php\/wp-json\/wp\/v2\/users\/1"}],"replies":[{"embeddable":true,"href":"https:\/\/colombophile62500.fr\/index.php\/wp-json\/wp\/v2\/comments?post=15"}],"version-history":[{"count":80,"href":"https:\/\/colombophile62500.fr\/index.php\/wp-json\/wp\/v2\/pages\/15\/revisions"}],"predecessor-version":[{"id":1165,"href":"https:\/\/colombophile62500.fr\/index.php\/wp-json\/wp\/v2\/pages\/15\/revisions\/1165"}],"wp:attachment":[{"href":"https:\/\/colombophile62500.fr\/index.php\/wp-json\/wp\/v2\/media?parent=15"}],"curies":[{"name":"wp","href":"https:\/\/api.w.org\/{rel}","templated":true}]}}